{"id":101,"date":"2020-10-15T18:32:07","date_gmt":"2020-10-15T21:32:07","guid":{"rendered":"http:\/\/butantagibicon2.hospedagemdesites.ws\/2020\/?page_id=101"},"modified":"2020-10-21T20:46:41","modified_gmt":"2020-10-21T23:46:41","slug":"sobre-laerte-coutinho","status":"publish","type":"page","link":"http:\/\/butantagibicon2.hospedagemdesites.ws\/2020\/sobre-laerte-coutinho\/","title":{"rendered":"Homenageada da Segunda Butant\u00e3 Gibicon"},"content":{"rendered":"\t\t<div data-elementor-type=\"wp-page\" data-elementor-id=\"101\" class=\"elementor elementor-101\">\n\t\t\t\t\t\t\t\t\t<section class=\"elementor-section elementor-top-section elementor-element elementor-element-5b85d9b6 elementor-section-stretched elementor-section-boxed elementor-section-height-default elementor-section-height-default\" data-id=\"5b85d9b6\" data-element_type=\"section\" data-settings=\"{&quot;stretch_section&quot;:&quot;section-stretched&quot;,&quot;background_background&quot;:&quot;classic&quot;}\">\n\t\t\t\t\t\t<div class=\"elementor-container elementor-column-gap-default\">\n\t\t\t\t\t<div class=\"elementor-column elementor-col-50 elementor-top-column elementor-element elementor-element-21547c0a\" data-id=\"21547c0a\" data-element_type=\"column\">\n\t\t\t<div class=\"elementor-widget-wrap elementor-element-populated\">\n\t\t\t\t\t\t\t\t<div class=\"elementor-element elementor-element-7076541f elementor-widget elementor-widget-image\" data-id=\"7076541f\" data-element_type=\"widget\" data-widget_type=\"image.default\">\n\t\t\t\t<div class=\"elementor-widget-container\">\n\t\t\t\t\t\t\t\t\t\t\t\t<figure class=\"wp-caption\">\n\t\t\t\t\t\t\t\t\t\t<img fetchpriority=\"high\" decoding=\"async\" width=\"580\" height=\"612\" src=\"http:\/\/butantagibicon2.hospedagemdesites.ws\/2020\/wp-content\/uploads\/2020\/10\/Laerte-Coutinho.png\" class=\"attachment-large size-large wp-image-787\" alt=\"Laerte Coutinho\" srcset=\"http:\/\/butantagibicon2.hospedagemdesites.ws\/2020\/wp-content\/uploads\/2020\/10\/Laerte-Coutinho.png 657w, http:\/\/butantagibicon2.hospedagemdesites.ws\/2020\/wp-content\/uploads\/2020\/10\/Laerte-Coutinho-284x300.png 284w\" sizes=\"(max-width: 580px) 100vw, 580px\" \/>\t\t\t\t\t\t\t\t\t\t\t<figcaption class=\"widget-image-caption wp-caption-text\">Cr\u00e9dito da foto: Sofia Colucci<\/figcaption>\n\t\t\t\t\t\t\t\t\t\t<\/figure>\n\t\t\t\t\t\t\t\t\t<\/div>\n\t\t\t\t<\/div>\n\t\t\t\t<div class=\"elementor-element elementor-element-1fc0eff elementor-widget elementor-widget-image\" data-id=\"1fc0eff\" data-element_type=\"widget\" data-widget_type=\"image.default\">\n\t\t\t\t<div class=\"elementor-widget-container\">\n\t\t\t\t\t\t\t\t\t\t\t\t\t\t\t<img decoding=\"async\" width=\"318\" height=\"450\" src=\"http:\/\/butantagibicon2.hospedagemdesites.ws\/2020\/wp-content\/uploads\/2020\/10\/Laerte-Coutinho-pq.jpg\" class=\"attachment-large size-large wp-image-958\" alt=\"\" srcset=\"http:\/\/butantagibicon2.hospedagemdesites.ws\/2020\/wp-content\/uploads\/2020\/10\/Laerte-Coutinho-pq.jpg 318w, http:\/\/butantagibicon2.hospedagemdesites.ws\/2020\/wp-content\/uploads\/2020\/10\/Laerte-Coutinho-pq-212x300.jpg 212w\" sizes=\"(max-width: 318px) 100vw, 318px\" \/>\t\t\t\t\t\t\t\t\t\t\t\t\t\t\t<\/div>\n\t\t\t\t<\/div>\n\t\t\t\t\t<\/div>\n\t\t<\/div>\n\t\t\t\t<div class=\"elementor-column elementor-col-50 elementor-top-column elementor-element elementor-element-21d0d97e\" data-id=\"21d0d97e\" data-element_type=\"column\">\n\t\t\t<div class=\"elementor-widget-wrap elementor-element-populated\">\n\t\t\t\t\t\t\t\t<div class=\"elementor-element elementor-element-40a0c6b3 elementor-widget elementor-widget-text-editor\" data-id=\"40a0c6b3\" data-element_type=\"widget\" data-widget_type=\"text-editor.default\">\n\t\t\t\t<div class=\"elementor-widget-container\">\n\t\t\t\t\t\t\t<h2>laerte coutinho&nbsp;<\/h2>\n<p>Laerte \u00e9 autora de quadrinhos, cartuns e charges. Nasceu em S\u00e3o Paulo, em 1951 &#8211; fez alguns cursos livres de pintura, desenho e teatro; entrou na USP, em Comunica\u00e7\u00f5es, pra fazer M\u00fasica e depois Jornalismo &#8211; n\u00e3o se graduou. Foi uma das criadoras da revista Bal\u00e3o (quadrinhos) e da empresa Obor\u00e9 (assessoria de comunica\u00e7\u00e3o para sindicatos). Publicou seu trabalho n\u2019O Pasquim, n\u2019O Bicho, no Estado de S\u00e3o Paulo, na Folha de S\u00e3o Paulo, em v\u00e1rias revistas. Foi autora da revista Piratas do Tiet\u00ea &#8211; tamb\u00e9m o nome da tira di\u00e1ria que produz.&nbsp; Participou da reda\u00e7\u00e3o de programas de tev\u00ea da Rede Globo: \u201cTV Pirata\u201d, \u201cTV Colosso\u201d, \u201cSai de Baixo\u201d. Apresentou o programa \u201cTransando com Laerte\u201d, no Canal Brasil. Participou do curta \u201cVestido de Laerte\u201d, de Claudia Priscila e Pedro Marques; e do longa \u201cLaerte-se\u201d, de Lygia Barbosa e Eliane Brum.<\/p>\n<p><br><\/p>\n<p>Para conhecer mais o trabalho da autora e ouvir sobre sua carreira, teremos a <a href=\"http:\/\/butantagibicon2.hospedagemdesites.ws\/2020\/mesa-da-homenageada\/\">Mesa da Homenageada<\/a> na sexta-feira, 18 de dezembro, dia da abertura do evento, das 19h \u00e0s 20h30, com apresenta\u00e7\u00e3o mediada por Gabriela&nbsp;G\u00fcllich.&nbsp;<\/p>\t\t\t\t\t\t<\/div>\n\t\t\t\t<\/div>\n\t\t\t\t\t<\/div>\n\t\t<\/div>\n\t\t\t\t\t\t\t<\/div>\n\t\t<\/section>\n\t\t\t\t\t\t\t<\/div>\n\t\t","protected":false},"excerpt":{"rendered":"<p>Cr\u00e9dito da foto: Sofia Colucci laerte coutinho&nbsp; Laerte \u00e9 autora de quadrinhos, cartuns e charges. Nasceu em S\u00e3o Paulo, em 1951 &#8211; fez alguns cursos livres de pintura, desenho e teatro; entrou na USP, em Comunica\u00e7\u00f5es, pra fazer M\u00fasica e depois Jornalismo &#8211; n\u00e3o se graduou. Foi uma das criadoras da revista Bal\u00e3o (quadrinhos) e [&hellip;]<\/p>\n","protected":false},"author":1,"featured_media":0,"parent":0,"menu_order":0,"comment_status":"closed","ping_status":"closed","template":"","meta":{"footnotes":""},"_links":{"self":[{"href":"http:\/\/butantagibicon2.hospedagemdesites.ws\/2020\/wp-json\/wp\/v2\/pages\/101"}],"collection":[{"href":"http:\/\/butantagibicon2.hospedagemdesites.ws\/2020\/wp-json\/wp\/v2\/pages"}],"about":[{"href":"http:\/\/butantagibicon2.hospedagemdesites.ws\/2020\/wp-json\/wp\/v2\/types\/page"}],"author":[{"embeddable":true,"href":"http:\/\/butantagibicon2.hospedagemdesites.ws\/2020\/wp-json\/wp\/v2\/users\/1"}],"replies":[{"embeddable":true,"href":"http:\/\/butantagibicon2.hospedagemdesites.ws\/2020\/wp-json\/wp\/v2\/comments?post=101"}],"version-history":[{"count":16,"href":"http:\/\/butantagibicon2.hospedagemdesites.ws\/2020\/wp-json\/wp\/v2\/pages\/101\/revisions"}],"predecessor-version":[{"id":962,"href":"http:\/\/butantagibicon2.hospedagemdesites.ws\/2020\/wp-json\/wp\/v2\/pages\/101\/revisions\/962"}],"wp:attachment":[{"href":"http:\/\/butantagibicon2.hospedagemdesites.ws\/2020\/wp-json\/wp\/v2\/media?parent=101"}],"curies":[{"name":"wp","href":"https:\/\/api.w.org\/{rel}","templated":true}]}}